e thousands digit of 3319403784?
3
What is the hundred millions digit of 1742041860?
7
What is the thousands digit of 468752832?
2
What is the millions digit of 46858858?
6
What is the hundred thousands digit of 32720068?
7
What is the hundred thousands digit of 2305836256?
8
What is the hundreds digit of 96669?
6
What is the units digit of 11223042?
2
What is the thousands digit of 26093612?
3
What is the hundred thousands digit of 4630097381?
0
What is the ten thousands digit of 38496710?
9
What is the units digit of 66707923?
3
What is the units digit of 303424810?
0
What is the hundred thousands digit of 4492095773?
0
What is the tens digit of 3462300219?
1
What is the thousands digit of 861861970?
1
What is the ten thousands digit of 1043167681?
6
What is the millions digit of 70900447?
0
What is the hundreds digit of 1388538182?
1
What is the ten millions digit of 2291352374?
9
What is the hundred millions digit of 2207466376?
2
What is the hundreds digit of 214814429?
4
What is the hundreds digit of 702134620?
6
What is the hundred millions digit of 430281399?
4
What is the hundreds digit of 500891660?
6
What is the tens digit of 210485442?
4
What is the units digit of 127604920?
0
What is the ten millions digit of 26232782?
2
What is the units digit of 330341533?
3
What is the ten thousands digit of 430230696?
3
What is the billions digit of 7896873567?
7
What is the hundreds digit of 950838986?
9
What is the hundred thousands digit of 196378731?
3
What is the millions digit of 177049542?
7
What is the millions digit of 89964262?
9
What is the ten thousands digit of 401601035?
0
What is the millions digit of 132308606?
2
What is the hundreds digit of 21809242?
2
What is the ten millions digit of 77664896?
7
What is the thousands digit of 32294207?
4
What is the units digit of 1964483182?
2
What is the tens digit of 71110206?
0
What is the millions digit of 13677073?
3
What is the hundreds digit of 433759872?
8
What is the hundred millions digit of 1322305798?
3
What is the ten thousands digit of 9106804?
0
What is the hundred thousands digit of 344346235?
3
What is the hundred thousands digit of 404906950?
9
What is the ten millions digit of 412380758?
1
What is the ten thousands digit of 37148508?
4
What is the hundred thousands digit of 3057849?
0
What is the ten thousands digit of 842901809?
0
What is the thousands digit of 177712792?
2
What is the millions digit of 193046229?
3
What is the units digit of 5210195840?
0
What is the units digit of 729754954?
4
What is the ten millions digit of 109042119?
0
What is the units digit of 64358003?
3
What is the units digit of 779550563?
3
What is the ten thousands digit of 477791193?
9
What is the hundreds digit of 18329426?
4
What is the ten thousands digit of 5809893787?
9
What is the hundreds digit of 1852254460?
4
What is the hundred millions digit of 254702605?
2
What is the millions digit of 96043913?
6
What is the ten thousands digit of 118227536?
2
What is the units digit of 21249395?
5
What is the millions digit of 53791842?
3
What is the ten millions digit of 843257858?
4
What is the ten thousands digit of 4209208293?
0
What is the thousands digit of 69852832?
2
What is the ten thousands digit of 915591023?
9
What is the hundreds digit of 524253235?
2
What is the thousands digit of 236393737?
3
What is the ten millions digit of 1817347398?
1
What is the millions digit of 77078449?
7
What is the thousands digit of 340247506?
7
What is the ten millions digit of 164610541?
6
What is the thousands digit of 357599358?
9
What is the ten thousands digit of 6693684834?
8
What is the tens digit of 91511032?
3
What is the hundreds digit of 2239971827?
8
What is the thousands digit of 4120005679?
5
What is the tens digit of 9937785?
8
What is the tens digit of 99500733?
3
What is the units digit of 215516632?
2
What is the hundreds digit of 291391501?
5
What is the hundred millions digit of 2461300349?
4
What is the tens digit of 17062432?
3
What is the hundred thousands digit of 5391582599?
5
What is the ten thousands digit of 1345607460?
0
What is the hundred thousands digit of 408442?
4
What is the units digit of 367470792?
2
What is the millions digit of 97446086?
7
What is the ten millions digit of 1962817668?
6
What is the hundreds digit of 39641010?
0
What is the ten millions digit of 78090932?
7
What is the hundred thousands digit of 3286442213?
4
What is the ten thousands digit of 143718587?
1
What is the millions digit of 19874457?
9
What is the units digit of 3767293?
3
What is the ten millions digit of 2439023848?
3
What is the hundred thousands digit of 2118818960?
8
What is the ten millions digit of 224453999?
2
What is the hundreds digit of 301588953?
9
What is the thousands digit of 1839250708?
0
What is the units digit of 9478906?
6
What is the hundred thousands digit of 2189731?
1
What is the hundred millions digit of 552680404?
5
What is the thousands digit of 515813348?
3
What is the tens digit of 3207148155?
5
What is the units digit of 1176295291?
1
What is the hundred millions digit of 977891595?
9
What is the ten thousands digit of 27540675?
4
What is the hundred thousands digit of 92146270?
1
What is the ten thousands digit of 1321098254?
9
What is the tens digit of 288302371?
7
What is the ten millions digit of 263430680?
6
What is the hundred millions digit of 260090068?
2
What is the ten millions digit of 47145136?
4
What is the ten millions digit of 11756714?
1
What is the hundred thousands digit of 356951866?
9
What is the tens digit of 1568297?
9
What is the millions digit of 2595326366?
5
What is the millions digit of 111771573?
1
What is the units digit of 315033176?
6
What is the ten thousands digit of 247598867?
9
What is the tens digit of 1290327205?
0
What is the millions digit of 180546500?
0
What is the tens digit of 128260129?
2
What is the hundreds digit of 727450551?
5
What is the ten millions digit of 194718011?
9
What is the units digit of 46241408?
8
What is the ten millions digit of 174879407?
7
What is the tens digit of 37097112?
1
What is the units digit of 2353280335?
5
What is the thousands digit of 1542612151?
2
What is the millions digit of 261417411?
1
What is the ten thousands digit of 29816953?
1
What is the tens digit of 27179662?
6
What is the ten thousands digit of 48578486?
7
What is the tens digit of 8359994?
9
What is the units digit of 521532752?
2
What is the ten millions digit of 88588241?
8
What is the ten millions digit of 274106417?
7
What is the hundreds digit of 256138871?
8
What is the thousands digit of 23802520?
2
What is the units digit of 38550387?
7
What is the hundreds digit of 1073123552?
5
What is the millions digit of 203065832?
3
What is the ten thousands digit of 212397713?
9
What is the hundred thousands digit of 75337777?
3
What is the ten millions digit of 132258985?
3
What is the ten millions digit of 973160881?
7
What is the thousands digit of 394278471?
8
What is the hundred millions digit of 647258200?
6
What is the ten millions digit of 1674950416?
7
What is the tens digit of 1812182660?
6
What is the hundreds digit of 542053676?
6
What is the billions digit of 1070355626?
1
What is the thousands digit of 1551006872?
6
What is the units digit of 661536217?
7
What is the thousands digit of 57019494?
9
What is the ten millions digit of 588850069?
8
What is the millions digit of 870670213?
0
What is the hundred millions digit of 141691232?
1
What is the billions digit of 1073072538?
1
What is the hundred thousands digit of 98186482?
1
What is the hundred thousands digit of 1007341011?
3
What is the ten thousands digit of 258416380?
1
What is the hundred thousands digit of 106652586?
6
What is the tens digit of 7491132?
3
What is the ten thousands digit of 26246484?
4
What is the hundred thousands digit of 221907037?
9
What is the thousands digit of 8214577889?
7
What is the units digit of 82445080?
0
What is the ten millions digit of 38485646?
3
What is the hundred thousands digit of 671841494?
8
What is the hundreds digit of 576458183?
1
What is the hundred thousands digit of 52742648?
7
What is the ten millions digit of 121107920?
2
What is the tens digit of 206110368?
6
What is the tens digit of 77